{"id":37,"date":"2018-10-08T15:46:42","date_gmt":"2018-10-08T13:46:42","guid":{"rendered":"https:\/\/lecarreadministratif.fr\/?page_id=37"},"modified":"2019-01-14T11:40:28","modified_gmt":"2019-01-14T10:40:28","slug":"contact","status":"publish","type":"page","link":"https:\/\/lecarreadministratif.fr\/index.php\/contact\/","title":{"rendered":"Me contacter"},"content":{"rendered":"<p>[et_pb_section fb_built=\u00a0\u00bb1&Prime; admin_label=\u00a0\u00bbMessage Section\u00a0\u00bb _builder_version=\u00a0\u00bb3.19.3&Prime; background_image=\u00a0\u00bbhttps:\/\/lecarreadministratif.fr\/wp-content\/uploads\/Contact-Le-carre-administratif.jpg\u00a0\u00bb custom_margin_last_edited=\u00a0\u00bbon|phone\u00a0\u00bb custom_padding=\u00a0\u00bb23px|0|80px|0px|false|false\u00a0\u00bb hover_enabled=\u00a0\u00bb0&Prime; background__hover_enabled=\u00a0\u00bbon\u00a0\u00bb custom_margin_phone=\u00a0\u00bb-504px|||\u00a0\u00bb][et_pb_row admin_label=\u00a0\u00bbTittle Row\u00a0\u00bb _builder_version=\u00a0\u00bb3.17.2&Prime;][et_pb_column type=\u00a0\u00bb4_4&Prime; _builder_version=\u00a0\u00bb3.0.47&Prime; parallax=\u00a0\u00bboff\u00a0\u00bb parallax_method=\u00a0\u00bbon\u00a0\u00bb][et_pb_text _builder_version=\u00a0\u00bb3.17.6&Prime;][\/et_pb_text][et_pb_text _builder_version=\u00a0\u00bb3.17.6&Prime;][\/et_pb_text][et_pb_image src=\u00a0\u00bbhttps:\/\/lecarreadministratif.fr\/wp-content\/uploads\/IMG_8692.png\u00a0\u00bb _builder_version=\u00a0\u00bb3.19.3&Prime; custom_css_main_element=\u00a0\u00bbmargin-top: 480px;\u00a0\u00bb][\/et_pb_image][et_pb_text admin_label=\u00a0\u00bbTitre \/ Sous Titre\u00a0\u00bb _builder_version=\u00a0\u00bb3.19.3&Prime; text_font=\u00a0\u00bbNunito Sans||||||||\u00a0\u00bb text_text_color=\u00a0\u00bbrgba(37,53,66,0.7)\u00a0\u00bb text_font_size=\u00a0\u00bb18px\u00a0\u00bb text_line_height=\u00a0\u00bb1.8em\u00a0\u00bb header_font=\u00a0\u00bb|900|||||||\u00a0\u00bb header_text_color=\u00a0\u00bb#253542&Prime; header_font_size=\u00a0\u00bb40px\u00a0\u00bb header_letter_spacing=\u00a0\u00bb7px\u00a0\u00bb header_line_height=\u00a0\u00bb1.4em\u00a0\u00bb header_2_font=\u00a0\u00bbNunito Sans|900||on|||||\u00a0\u00bb header_2_text_color=\u00a0\u00bb#253542&Prime; header_2_font_size=\u00a0\u00bb34px\u00a0\u00bb header_2_letter_spacing=\u00a0\u00bb7px\u00a0\u00bb header_2_line_height=\u00a0\u00bb1.4em\u00a0\u00bb text_orientation=\u00a0\u00bbcenter\u00a0\u00bb max_width=\u00a0\u00bb600px\u00a0\u00bb max_width_last_edited=\u00a0\u00bbon|phone\u00a0\u00bb module_alignment=\u00a0\u00bbcenter\u00a0\u00bb custom_margin=\u00a0\u00bb||18px|\u00a0\u00bb custom_padding=\u00a0\u00bb|||\u00a0\u00bb hover_enabled=\u00a0\u00bb0&Prime; header_2_font_size_last_edited=\u00a0\u00bbon|phone\u00a0\u00bb header_2_font_size_phone=\u00a0\u00bb24px\u00a0\u00bb]<\/p>\n<h2><\/h2>\n<p>&nbsp;<\/p>\n<p><strong>Nous vous remercions pour l&rsquo;int\u00e9r\u00eat que vous portez aux services propos\u00e9s par Le carr\u00e9 administratif.<\/strong><\/p>\n<h2 style=\"text-align: center;\"><span style=\"color: #ffffff;\">Pour toute demande d&rsquo;information ou de devis,<\/span><\/h2>\n<p><span style=\"color: #ffffff;\">merci de bien vouloir remplir le formulaire ci-dessous.<\/span><\/p>\n<p>[\/et_pb_text][et_pb_contact_form email=\u00a0\u00bbcontact@lecarreadministratif.fr\u00a0\u00bb custom_message=\u00a0\u00bbGenre :%%Genre%%||et_pb_line_break_holder||Pr\u00e9nom : %%Pr\u00e9nom%%||et_pb_line_break_holder||Nom : %%Nom%%||et_pb_line_break_holder||Entreprise : %%Entreprise%%||et_pb_line_break_holder||Adresse : %%Adresse%%||et_pb_line_break_holder||CP : %%CP%%||et_pb_line_break_holder||Ville : %%Ville%%||et_pb_line_break_holder||T\u00e9l\u00e9phone : %%T\u00e9l\u00e9phone%%||et_pb_line_break_holder||Email : %%Email%%||et_pb_line_break_holder||Motif : %%Motif%%||et_pb_line_break_holder||||et_pb_line_break_holder||Message : %%Message%%||et_pb_line_break_holder||\u00a0\u00bb success_message=\u00a0\u00bbVotre message a \u00e9t\u00e9 envoy\u00e9 avec succ\u00e8s. Nous reviendrons vers vous au plus vite.\u00a0\u00bb form_background_color=\u00a0\u00bb#706f6f\u00a0\u00bb module_id=\u00a0\u00bbet_pb_contact_form_0&Prime; _builder_version=\u00a0\u00bb3.19.3&Prime; title_font=\u00a0\u00bb|700|||||||\u00a0\u00bb title_text_color=\u00a0\u00bb#ffffff\u00a0\u00bb form_field_text_color=\u00a0\u00bb#ffffff\u00a0\u00bb form_field_font_size=\u00a0\u00bb21px\u00a0\u00bb custom_button=\u00a0\u00bbon\u00a0\u00bb button_border_radius=\u00a0\u00bb16px\u00a0\u00bb text_orientation=\u00a0\u00bbleft\u00a0\u00bb][et_pb_contact_field field_id=\u00a0\u00bbGenre\u00a0\u00bb field_title=\u00a0\u00bb  Genre\u00a0\u00bb field_type=\u00a0\u00bbselect\u00a0\u00bb select_options=\u00a0\u00bb%91{%22value%22:%22Madame%22,%22checked%22:0,%22dragID%22:-1},{%22value%22:%22Monsieur%22,%22checked%22:0,%22dragID%22:0},{%22value%22:%22Mademoiselle%22,%22checked%22:0,%22dragID%22:1}%93&Prime; _builder_version=\u00a0\u00bb3.19.3&Prime;][\/et_pb_contact_field][et_pb_contact_field field_id=\u00a0\u00bbPr\u00e9nom\u00a0\u00bb field_title=\u00a0\u00bbPr\u00e9nom\u00a0\u00bb _builder_version=\u00a0\u00bb3.17.6&Prime;][\/et_pb_contact_field][et_pb_contact_field field_id=\u00a0\u00bbNom\u00a0\u00bb field_title=\u00a0\u00bbNom\u00a0\u00bb _builder_version=\u00a0\u00bb3.17.6&Prime;][\/et_pb_contact_field][et_pb_contact_field field_id=\u00a0\u00bbEntreprise\u00a0\u00bb field_title=\u00a0\u00bbEntreprise\u00a0\u00bb fullwidth_field=\u00a0\u00bbon\u00a0\u00bb _builder_version=\u00a0\u00bb3.17.6&Prime;][\/et_pb_contact_field][et_pb_contact_field field_id=\u00a0\u00bbAdresse\u00a0\u00bb field_title=\u00a0\u00bbAdresse\u00a0\u00bb fullwidth_field=\u00a0\u00bbon\u00a0\u00bb _builder_version=\u00a0\u00bb3.17.6&Prime;][\/et_pb_contact_field][et_pb_contact_field field_id=\u00a0\u00bbCP\u00a0\u00bb field_title=\u00a0\u00bbCP\u00a0\u00bb _builder_version=\u00a0\u00bb3.17.6&Prime;][\/et_pb_contact_field][et_pb_contact_field field_id=\u00a0\u00bbVille\u00a0\u00bb field_title=\u00a0\u00bbVille\u00a0\u00bb _builder_version=\u00a0\u00bb3.17.6&Prime;][\/et_pb_contact_field][et_pb_contact_field field_id=\u00a0\u00bbEmail\u00a0\u00bb field_title=\u00a0\u00bbAdresse e-mail\u00a0\u00bb field_type=\u00a0\u00bbemail\u00a0\u00bb _builder_version=\u00a0\u00bb3.17.6&Prime;][\/et_pb_contact_field][et_pb_contact_field field_id=\u00a0\u00bbT\u00e9l\u00e9phone\u00a0\u00bb field_title=\u00a0\u00bbT\u00e9l\u00e9phone\u00a0\u00bb _builder_version=\u00a0\u00bb3.17.6&Prime;][\/et_pb_contact_field][et_pb_contact_field field_id=\u00a0\u00bbMotif\u00a0\u00bb field_title=\u00a0\u00bb  Motif\u00a0\u00bb field_type=\u00a0\u00bbselect\u00a0\u00bb select_options=\u00a0\u00bb%91{%22value%22:%22Prendre RDV%22,%22checked%22:0,%22dragID%22:-1},{%22value%22:%22Demande d&rsquo;information%22,%22checked%22:0,%22dragID%22:0},{%22value%22:%22Demande de devis%22,%22checked%22:0,%22dragID%22:1}%93&Prime; _builder_version=\u00a0\u00bb3.19.3&Prime;][\/et_pb_contact_field][et_pb_contact_field field_id=\u00a0\u00bbMessage\u00a0\u00bb field_title=\u00a0\u00bbMessage\u00a0\u00bb field_type=\u00a0\u00bbtext\u00a0\u00bb fullwidth_field=\u00a0\u00bbon\u00a0\u00bb _builder_version=\u00a0\u00bb3.17.6&Prime;][\/et_pb_contact_field][\/et_pb_contact_form][\/et_pb_column][\/et_pb_row][\/et_pb_section]<\/p>\n","protected":false},"excerpt":{"rendered":"<p>&nbsp; Nous vous remercions pour l&rsquo;int\u00e9r\u00eat que vous portez aux services propos\u00e9s par Le carr\u00e9 administratif. Pour toute demande d&rsquo;information ou de devis, merci de bien vouloir remplir le formulaire ci-dessous.<\/p>\n","protected":false},"author":2,"featured_media":0,"parent":0,"menu_order":0,"comment_status":"closed","ping_status":"closed","template":"","meta":{"_et_pb_use_builder":"on","_et_pb_old_content":"","_et_gb_content_width":"","_exactmetrics_skip_tracking":false,"_exactmetrics_sitenote_active":false,"_exactmetrics_sitenote_note":"","_exactmetrics_sitenote_category":0},"yoast_head":"<!-- This site is optimized with the Yoast SEO plugin v19.4 - https:\/\/yoast.com\/wordpress\/plugins\/seo\/ -->\n<title>Me contacter - Le carr\u00e9 administratif<\/title>\n<meta name=\"description\" content=\"Contacter votre assistante ind\u00e9pendante nord pour toute demande d&#039;information ou de devis. Pourquoi faire appel \u00e0 votre secr\u00e9taire ind\u00e9pendante nord ?\" \/>\n<meta name=\"robots\" content=\"noindex, follow\" \/>\n<meta property=\"og:locale\" content=\"fr_FR\" \/>\n<meta property=\"og:type\" content=\"article\" \/>\n<meta property=\"og:title\" content=\"Me contacter - Le carr\u00e9 administratif\" \/>\n<meta property=\"og:description\" content=\"Contacter votre assistante ind\u00e9pendante nord pour toute demande d&#039;information ou de devis. Pourquoi faire appel \u00e0 votre secr\u00e9taire ind\u00e9pendante nord ?\" \/>\n<meta property=\"og:url\" content=\"https:\/\/lecarreadministratif.fr\/index.php\/contact\/\" \/>\n<meta property=\"og:site_name\" content=\"Le carr\u00e9 administratif\" \/>\n<meta property=\"article:modified_time\" content=\"2019-01-14T10:40:28+00:00\" \/>\n<meta name=\"twitter:card\" content=\"summary_large_image\" \/>\n<meta name=\"twitter:label1\" content=\"Dur\u00e9e de lecture estim\u00e9e\" \/>\n\t<meta name=\"twitter:data1\" content=\"3 minutes\" \/>\n<script type=\"application\/ld+json\" class=\"yoast-schema-graph\">{\"@context\":\"https:\/\/schema.org\",\"@graph\":[{\"@type\":\"WebSite\",\"@id\":\"https:\/\/lecarreadministratif.fr\/#website\",\"url\":\"https:\/\/lecarreadministratif.fr\/\",\"name\":\"Le carr\u00e9 administratif\",\"description\":\"G\u00e8re pour vous\",\"potentialAction\":[{\"@type\":\"SearchAction\",\"target\":{\"@type\":\"EntryPoint\",\"urlTemplate\":\"https:\/\/lecarreadministratif.fr\/?s={search_term_string}\"},\"query-input\":\"required name=search_term_string\"}],\"inLanguage\":\"fr-FR\"},{\"@type\":\"WebPage\",\"@id\":\"https:\/\/lecarreadministratif.fr\/index.php\/contact\/\",\"url\":\"https:\/\/lecarreadministratif.fr\/index.php\/contact\/\",\"name\":\"Me contacter - Le carr\u00e9 administratif\",\"isPartOf\":{\"@id\":\"https:\/\/lecarreadministratif.fr\/#website\"},\"datePublished\":\"2018-10-08T13:46:42+00:00\",\"dateModified\":\"2019-01-14T10:40:28+00:00\",\"description\":\"Contacter votre assistante ind\u00e9pendante nord pour toute demande d'information ou de devis. Pourquoi faire appel \u00e0 votre secr\u00e9taire ind\u00e9pendante nord ?\",\"breadcrumb\":{\"@id\":\"https:\/\/lecarreadministratif.fr\/index.php\/contact\/#breadcrumb\"},\"inLanguage\":\"fr-FR\",\"potentialAction\":[{\"@type\":\"ReadAction\",\"target\":[\"https:\/\/lecarreadministratif.fr\/index.php\/contact\/\"]}]},{\"@type\":\"BreadcrumbList\",\"@id\":\"https:\/\/lecarreadministratif.fr\/index.php\/contact\/#breadcrumb\",\"itemListElement\":[{\"@type\":\"ListItem\",\"position\":1,\"name\":\"Home\",\"item\":\"https:\/\/lecarreadministratif.fr\/\"},{\"@type\":\"ListItem\",\"position\":2,\"name\":\"Me contacter\"}]}]}<\/script>\n<!-- \/ Yoast SEO plugin. -->","yoast_head_json":{"title":"Me contacter - Le carr\u00e9 administratif","description":"Contacter votre assistante ind\u00e9pendante nord pour toute demande d'information ou de devis. Pourquoi faire appel \u00e0 votre secr\u00e9taire ind\u00e9pendante nord ?","robots":{"index":"noindex","follow":"follow"},"og_locale":"fr_FR","og_type":"article","og_title":"Me contacter - Le carr\u00e9 administratif","og_description":"Contacter votre assistante ind\u00e9pendante nord pour toute demande d'information ou de devis. Pourquoi faire appel \u00e0 votre secr\u00e9taire ind\u00e9pendante nord ?","og_url":"https:\/\/lecarreadministratif.fr\/index.php\/contact\/","og_site_name":"Le carr\u00e9 administratif","article_modified_time":"2019-01-14T10:40:28+00:00","twitter_card":"summary_large_image","twitter_misc":{"Dur\u00e9e de lecture estim\u00e9e":"3 minutes"},"schema":{"@context":"https:\/\/schema.org","@graph":[{"@type":"WebSite","@id":"https:\/\/lecarreadministratif.fr\/#website","url":"https:\/\/lecarreadministratif.fr\/","name":"Le carr\u00e9 administratif","description":"G\u00e8re pour vous","potentialAction":[{"@type":"SearchAction","target":{"@type":"EntryPoint","urlTemplate":"https:\/\/lecarreadministratif.fr\/?s={search_term_string}"},"query-input":"required name=search_term_string"}],"inLanguage":"fr-FR"},{"@type":"WebPage","@id":"https:\/\/lecarreadministratif.fr\/index.php\/contact\/","url":"https:\/\/lecarreadministratif.fr\/index.php\/contact\/","name":"Me contacter - Le carr\u00e9 administratif","isPartOf":{"@id":"https:\/\/lecarreadministratif.fr\/#website"},"datePublished":"2018-10-08T13:46:42+00:00","dateModified":"2019-01-14T10:40:28+00:00","description":"Contacter votre assistante ind\u00e9pendante nord pour toute demande d'information ou de devis. Pourquoi faire appel \u00e0 votre secr\u00e9taire ind\u00e9pendante nord ?","breadcrumb":{"@id":"https:\/\/lecarreadministratif.fr\/index.php\/contact\/#breadcrumb"},"inLanguage":"fr-FR","potentialAction":[{"@type":"ReadAction","target":["https:\/\/lecarreadministratif.fr\/index.php\/contact\/"]}]},{"@type":"BreadcrumbList","@id":"https:\/\/lecarreadministratif.fr\/index.php\/contact\/#breadcrumb","itemListElement":[{"@type":"ListItem","position":1,"name":"Home","item":"https:\/\/lecarreadministratif.fr\/"},{"@type":"ListItem","position":2,"name":"Me contacter"}]}]}},"_links":{"self":[{"href":"https:\/\/lecarreadministratif.fr\/index.php\/wp-json\/wp\/v2\/pages\/37"}],"collection":[{"href":"https:\/\/lecarreadministratif.fr\/index.php\/wp-json\/wp\/v2\/pages"}],"about":[{"href":"https:\/\/lecarreadministratif.fr\/index.php\/wp-json\/wp\/v2\/types\/page"}],"author":[{"embeddable":true,"href":"https:\/\/lecarreadministratif.fr\/index.php\/wp-json\/wp\/v2\/users\/2"}],"replies":[{"embeddable":true,"href":"https:\/\/lecarreadministratif.fr\/index.php\/wp-json\/wp\/v2\/comments?post=37"}],"version-history":[{"count":55,"href":"https:\/\/lecarreadministratif.fr\/index.php\/wp-json\/wp\/v2\/pages\/37\/revisions"}],"predecessor-version":[{"id":1707,"href":"https:\/\/lecarreadministratif.fr\/index.php\/wp-json\/wp\/v2\/pages\/37\/revisions\/1707"}],"wp:attachment":[{"href":"https:\/\/lecarreadministratif.fr\/index.php\/wp-json\/wp\/v2\/media?parent=37"}],"curies":[{"name":"wp","href":"https:\/\/api.w.org\/{rel}","templated":true}]}}